ppose -2*d - 353 = -3*k, k + 5*d + 135 = 2*k. List the prime factors of k.
5, 23
Let b(j) = -4*j**2 + 4*j + 2. Let z be b(4). What are the prime factors of z/(-4) - (-2)/(-4)?
11
Let p = 175 + -100. List the prime factors of p.
3, 5
Suppose -2*n + 5*n = 6. Let j be ((-20)/(-4) - 2) + 2. Suppose n*y = z + 20, -j*z + 2 = -y + 3. What are the prime factors of y?
11
Let z(q) = q**2 - 6*q - 3. Let n = -9 - -16. List the prime factors of z(n).
2
Suppose 0*r - 155 = -5*w + 3*r, -4*r = -4*w + 116. List the prime factors of w.
2, 17
Let a = 30 - -86. What are the prime factors of a?
2, 29
Suppose a + 0*d - 15 = 3*d, 80 = 2*a + 4*d. List the prime factors of a.
2, 3, 5
Let f = 78 + -32. Suppose -3*w = -b - 12 - 4, -3*w - 5*b = -f. List the prime factors of w.
7
Let s = -29 + 13. Suppose -4*c + 30 = 5*h - 0*h, 0 = 2*h + 2*c - 14. List the prime factors of h/(-8) - 84/s.
5
Suppose -2*p = -3*p + 4*i + 5, 0 = -5*p - i + 25. What are the prime factors of (p/10)/(2/48)?
2, 3
Let b(t) = -t**2 - 13*t + 4. What are the prime factors of b(-11)?
2, 13
Let m(p) = 3*p + 4. Let l be m(-3). List the prime factors of (-1 + 6)*(-4)/l.
2
Let h(k) = -20*k**2 + 5*k - 5. Let j(a) = 4*a**2 - a + 1. Let n(z) = 2*h(z) + 11*j(z). What are the prime factors of n(1)?
2
Let r(o) = o**2 - 6*o + 2. Let s be r(5). Let l = s + 7. List the prime factors of l.
2
Suppose 17*w = 15*w + 398. List the prime factors of w.
199
Let y(l) = -l**3 + 4. List the prime factors of y(0).
2
List the prime factors of (112*(-5)/15)/(2/(-12)).
2, 7
Let r be (-5 + 1)/((-2)/8). Let i = -6 + r. Suppose -5*j = 3*v - i, 0 = -3*v + 2*j - 3*j + 14. List the prime factors of v.
5
Suppose -h = -4*u + 9, 0*h = -u - 5*h + 18. Let i = 6 - u. Suppose -5*k + 4*f + 14 = -0*k, -4*k - i*f + 36 = 0. List the prime factors of k.
2, 3
Let m be 4/(-1 + -1)*4. Let h = 10 + m. Suppose -4*p = h*y + 2*y - 56, -5*p - y + 50 = 0. List the prime factors of p.
3
Let h(r) = 7*r + 1. Let a be h(1). Suppose -a = -i - i. List the prime factors of i.
2
Suppose 32 + 1720 = 8*p. What are the prime factors of p?
3, 73
Let r = 5 - -2. Let s be (10 + 0)*26/65. Suppose 2*f + 36 = s*z, r*z + f - 30 = 3*z. List the prime factors of z.
2
Let l = 10 - 12. List the prime factors of (l/4)/(2/(-36)).
3
List the prime factors of (-10)/25*(0 + -60).
2, 3
Let i = -8 - 5. What are the prime factors of ((2 - 1) + i)*-1?
2, 3
Suppose -17 - 20 = -2*c + 5*t, 2*c = 3*t + 27. Let y(x) = x**3 - 7*x**2 + 8*x + 1. What are the prime factors of y(c)?
13
Suppose -3*l - 1011 = -0*w - 4*w, 771 = 3*w + 2*l. What are the prime factors of w?
3, 5, 17
Let f = 178 + -58. What are the prime factors of f?
2, 3, 5
Suppose 2 - 3 = -h. Let b(d) be the first derivative of 3*d**2/2 + d - 1. What are the prime factors of b(h)?
2
What are the prime factors of (-7)/(-3)*684/12?
7, 19
Suppose 4*j + j - f = 16, 2*f = -4*j + 10. Suppose -4*w - v = -4*v - 87, -j*v = -9. What are the prime factors of w?
2, 3
Suppose y + y - 4 = 0. List the prime factors of y.
2
Let t(l) = -4*l**2 - 1 + 3*l - 4*l + 15*l**2. Let g be t(-1). Suppose -5*o - g + 31 = 0. List the prime factors of o.
2
Let h = -10 - -34. List the prime factors of h.
2, 3
Suppose -u - 63 = -4*u - 5*z, 107 = 4*u - z. Let x = u + -38. Let n = x - -22. List the prime factors of n.
2, 5
Suppose 14*x - 2349 = -655. What are the prime factors of x?
11
Let q(v) = -v**2 + 4*v - 14*v - 2 - 1. List the prime factors of q(-8).
13
Let n be (-62)/(-4) - 4/(-8). Suppose 5*i = 4*i + n. Suppose -4*h = -2*h - i. List the prime factors of h.
2
Let l = -25 + 52. What are the prime factors of l?
3
Let k(h) = 9*h + 1. Suppose 3*j = -3 + 6. Let y be k(j). List the prime factors of y + (-1 + -3)/(-2).
2, 3
Let b = 20 - -16. List the prime factors of b.
2, 3
Let s(o) = -o**3 - 9*o**2 - 8*o. Let d be s(-8). Suppose d = -3*b + 6 - 0. List the prime factors of b.
2
Suppose -4*y = -2 + 38. Let z = y - -16. List the prime factors of (-2)/z - 64/(-28).
2
Suppose -3 = o - 4. Suppose o = -4*w - 3, 3*r + 2*w = 31. List the prime factors of r.
11
Suppose -4*m - 20 = 4. Let y(f) = f**2 + 4*f + 1. List the prime factors of y(m).
13
Suppose 3*q = -3*r + 336, 4 = 3*r - 5*r. List the prime factors of q.
2, 3, 19
Suppose q = -1 + 4. List the prime factors of 0 + (q - -18) - 0.
3, 7
Let o(n) = -5*n - 8. Let f be o(-11). List the prime factors of (4 - 12/4)*f.
47
Let f = 1 + 1. Suppose r = k - 23, 4*k + 21 = f*r + 103. What are the prime factors of k?
2, 3
Suppose -6*j + 9*j = 78. What are the prime factors of j?
2, 13
Suppose -12 = k - 0*k. What are the prime factors of (-3)/(k/20) - 1?
2
Suppose -10*h + 1112 + 568 = 0. List the prime factors of h.
2, 3, 7
Let x be 9/4*(-16)/(-3). List the prime factors of (-1)/3 + 136/x.
11
What are the prime factors of ((-3)/6)/((-1)/56)?
2, 7
What are the prime factors of -3*(3 + 24)/(-3)?
3
Let g be 1/(-4) - 10/(-8). Let n = -9 - -16. Let i = n - g. What are the prime factors of i?
2, 3
Suppose 4*d = 6*d + 32. List the prime factors of d*(0 + -3 - -2).
2
Suppose -v + 0*v + 4*c = -68, 5*c + 355 = 5*v. What are the prime factors of v?
2, 3
Suppose -28 = -4*t - 5*l, -5*t + 5*l = l + 6. Let f(j) = -j**3 - 3*j**2 + 4*j + 3. Let q be f(-3). List the prime factors of ((-4)/1)/(t/q).
2, 3
Suppose -2*m + 14 = 5*o - 19, 3*m = -3*o + 27. Let p be 30/4 - (-2)/4. Let d = p - o. What are the prime factors of d?
3
Suppose 180 = -2*p + 3*p + 3*r, -5*r = 3*p - 556. What are the prime factors of p?
2, 3
Let c(u) = 7 - 3*u**2 - 4 + 4*u**2 + 4*u. Suppose s + 16 = -3*s. List the prime factors of c(s).
3
Let p(j) = 2*j**2 + 10*j + 7. Let r be p(-6). Suppose -5*o - r = 6. List the prime factors of (6/(-8))/(o/20).
3
Let c = -65 + 173. What are the prime factors of c?
2, 3
List the prime factors of -2*(-9 + (-2)/2).
2, 5
Let j(z) be the second derivative of z**3/3 + 3*z**2 - z. What are the prime factors of j(6)?
2, 3
Let x be 4*(-3 - (-222)/8). Let j be x/(-12) + 3/12. Let y = j + 14. List the prime factors of y.
2, 3
Suppose 0 = 2*o - 2*d + 14, -3*o + o = 2*d + 34. List the prime factors of (-142)/o + 8/48.
2, 3
Let t(g) = -g**3 + 2*g - 4. List the prime factors of t(-3).
17
Let b = 6 - 1. Suppose 5*g = 3*g - 3*u + 1, b*u - 10 = 5*g. List the prime factors of (3/g)/((-3)/6).
2, 3
Suppose 0 = -4*o + 39 + 121. List the prime factors of o.
2, 5
Let w(c) = 3*c**2 - c + 3. Let j be w(-3). Suppose -5*x + 2*x + j = 0. What are the prime factors of x?
11
Let d(s) = -2*s - 17. Let x be d(-17). Let t = x - -20. List the prime factors of t.
37
Let q(m) = -m**3 - 7*m**2 - 8*m - 5. Let k(f) = f + 3. Let u be k(-3). Suppose 3*i + 2*p + 5 = -13, u = 2*p. List the prime factors of q(i).
7
Suppose -2*k - 6 + 20 = 0. Suppose -3*j + 31 = k. What are the prime factors of j?
2
Suppose 4*a + a = -20, 5*l = 3*a - 13. Let p = 23 + l. Let f = p + -13. List the prime factors of f.
5
List the prime factors of (-1105)/(-34)*16/5.
2, 13
Let y(q) = q**2 - 3*q - 8. List the prime factors of y(-5).
2
Let b(a) = -a**3 - 21*a**2 + 17*a + 15. List the prime factors of b(-22).
5
List the prime factors of (-18)/45 + (-3471)/(-15).
3, 7, 11
Let j(a) = 2*a - 5. Let g be j(5). Suppose -2*d - 3*m + 18 = d, d + g*m = -14. What are the prime factors of d?
11
Suppose 4*f + 3*a = 375, -3*f - 3*a + 282 = -0*a. List the prime factors of f.
3, 31
Let z be 6/(-4)*4/(-3). Let p be (6 - 1)/(2/z). What are the prime factors of 3*p*3/3?
3, 5
Suppose 4*w = -5*u - 19, 4*w + 4*u = 5*w + 10. What are the prime factors of (-8)/10*105/w?
2, 7
Suppose 2*t + t = 81. List the prime factors of t.
3
Let f = -4 - -7. Suppose 122 = p + f*p - 3*m, -3*p = m - 98. What are the prime factors of p?
2
List the prime factors of ((-2)/3)/(4/(-360)).
2, 3, 5
Suppose -8*k - 70 = -15*k. List the prime factors of k.
2, 5
Suppose 5*t = 25, 11 = -3*j - 0*t + 4*t. Suppose 2*y - 2 = j*y. What are the prime factors of (-5)/(-10) - 3/y?
2
Let r(a) = a**3 + 20*a**2 - 21*a + 9. What are the prime factors of r(-21)?
3
Let b(s) = -s**3 - 6*s**2 - s + 7. Let w be b(-6). Suppose 0 = -2*a - w + 39. What are the prime factors of a?
13
List the prime factors of -22 + 26 + (159 - (-2 - -3)).
2, 3
Suppose 0*x - 4*x + 8 = 0. Suppose 2*a - 5*a = 0, w = -x*a + 2. Suppose -12 = -0*z - w*z. List the prime factors of z.
2, 3
Let p be (54/(-4))/(1